{"id":13380,"date":"2024-07-22T09:03:07","date_gmt":"2024-07-22T09:03:07","guid":{"rendered":"https:\/\/hcpb.org.uk\/?page_id=13380"},"modified":"2024-07-22T09:03:08","modified_gmt":"2024-07-22T09:03:08","slug":"dr-heike-harting","status":"publish","type":"page","link":"https:\/\/hcpb.org.uk\/index.php\/dr-heike-harting\/","title":{"rendered":"Dr Heike H\u00e4rting\u00a0"},"content":{"rendered":"\n[et_pb_section fb_built=&#8221;1&#8243; theme_builder_area=&#8221;post_content&#8221; _builder_version=&#8221;4.18.0&#8243; _module_preset=&#8221;default&#8221;][et_pb_row _builder_version=&#8221;4.18.0&#8243; _module_preset=&#8221;default&#8221; theme_builder_area=&#8221;post_content&#8221;][et_pb_column _builder_version=&#8221;4.18.0&#8243; _module_preset=&#8221;default&#8221; type=&#8221;4_4&#8243; theme_builder_area=&#8221;post_content&#8221;][et_pb_text _builder_version=&#8221;4.18.0&#8243; _module_preset=&#8221;default&#8221; theme_builder_area=&#8221;post_content&#8221; hover_enabled=&#8221;0&#8243; sticky_enabled=&#8221;0&#8243;]<h1><span>Dr Heike H\u00e4rting\u00a0<\/span><\/h1>[\/et_pb_text][\/et_pb_column][\/et_pb_row][et_pb_row _builder_version=&#8221;4.18.0&#8243; _module_preset=&#8221;default&#8221; theme_builder_area=&#8221;post_content&#8221;][et_pb_column _builder_version=&#8221;4.18.0&#8243; _module_preset=&#8221;default&#8221; type=&#8221;4_4&#8243; theme_builder_area=&#8221;post_content&#8221;][et_pb_image src=&#8221;https:\/\/hcpb.org.uk\/wp-content\/uploads\/2024\/07\/HartingPhoto.2021-300&#215;200.jpg&#8221; _builder_version=&#8221;4.18.0&#8243; _module_preset=&#8221;default&#8221; theme_builder_area=&#8221;post_content&#8221; title_text=&#8221;HartingPhoto.2021&#8243; align=&#8221;center&#8221; hover_enabled=&#8221;0&#8243; sticky_enabled=&#8221;0&#8243;][\/et_pb_image][\/et_pb_column][\/et_pb_row][et_pb_row _builder_version=&#8221;4.18.0&#8243; _module_preset=&#8221;default&#8221; theme_builder_area=&#8221;post_content&#8221;][et_pb_column _builder_version=&#8221;4.18.0&#8243; _module_preset=&#8221;default&#8221; type=&#8221;4_4&#8243; theme_builder_area=&#8221;post_content&#8221;][et_pb_text _builder_version=&#8221;4.18.0&#8243; _module_preset=&#8221;default&#8221; theme_builder_area=&#8221;post_content&#8221; hover_enabled=&#8221;0&#8243; sticky_enabled=&#8221;0&#8243;]<p style=\"text-align: justify;\">Heike is the co-director and founder of the Centre de recherche d\u2019\u00e9tudes litt\u00e9raires et culturelles sur la plan\u00e9tarit\u00e9 (Research Center of Cultural and Literary Planetary Studies) at the Universit\u00e9 de Montr\u00e9al. She is an associate professor of English in the D\u00e9partement de litt\u00e9ratures et de langues du monde (U de M) and specializes in postcolonial and globalization studies. Her work mobilizes the reparative and critical capabilities of the creative imagination as a means of knowledge production. Her research addresses literary and cinematic representations of political violence, global civil war, and the relationship between planetary militarism, anthropogenic climate change, and the crisis of human and nonhuman reproduction. Her most recent research focuses on the uneven \u201cviral conjunctures\u201d recounted in pandemic and planetary health narratives from non-Western geopolitical spaces. <\/p>[\/et_pb_text][\/et_pb_column][\/et_pb_row][\/et_pb_section]\n","protected":false},"excerpt":{"rendered":"<p>Dr Heike H\u00e4rting\u00a0Heike is the co-director and founder of the Centre de recherche d\u2019\u00e9tudes litt\u00e9raires et culturelles sur la plan\u00e9tarit\u00e9 (Research Center of Cultural and Literary Planetary Studies) at the Universit\u00e9 de Montr\u00e9al. She is an associate professor of English in the D\u00e9partement de litt\u00e9ratures et de langues du monde (U de M) and specializes [&hellip;]<\/p>\n","protected":false},"author":7,"featured_media":0,"parent":0,"menu_order":0,"comment_status":"closed","ping_status":"closed","template":"","meta":{"_et_pb_use_builder":"on","_et_pb_old_content":"","_et_gb_content_width":"","footnotes":""},"class_list":["post-13380","page","type-page","status-publish","hentry"],"_links":{"self":[{"href":"https:\/\/hcpb.org.uk\/index.php\/wp-json\/wp\/v2\/pages\/13380","targetHints":{"allow":["GET"]}}],"collection":[{"href":"https:\/\/hcpb.org.uk\/index.php\/wp-json\/wp\/v2\/pages"}],"about":[{"href":"https:\/\/hcpb.org.uk\/index.php\/wp-json\/wp\/v2\/types\/page"}],"author":[{"embeddable":true,"href":"https:\/\/hcpb.org.uk\/index.php\/wp-json\/wp\/v2\/users\/7"}],"replies":[{"embeddable":true,"href":"https:\/\/hcpb.org.uk\/index.php\/wp-json\/wp\/v2\/comments?post=13380"}],"version-history":[{"count":3,"href":"https:\/\/hcpb.org.uk\/index.php\/wp-json\/wp\/v2\/pages\/13380\/revisions"}],"predecessor-version":[{"id":13383,"href":"https:\/\/hcpb.org.uk\/index.php\/wp-json\/wp\/v2\/pages\/13380\/revisions\/13383"}],"wp:attachment":[{"href":"https:\/\/hcpb.org.uk\/index.php\/wp-json\/wp\/v2\/media?parent=13380"}],"curies":[{"name":"wp","href":"https:\/\/api.w.org\/{rel}","templated":true}]}}